 156, -25 = -2*w - 5*k + 20. Calculate the highest common factor of s and w.
15
Suppose -3*j = -w + 678, 2*w - 4*j - 687 - 659 = 0. What is the greatest common divisor of w and 527?
17
Suppose 2*h = h + 16. Let i be 944295/2360 - -2*(-1)/16. Calculate the highest common factor of h and i.
16
Suppose -66 = 14*l - 304. Suppose -85 = -4*a - 17. What is the highest common divisor of l and a?
17
Suppose 4*n = 5*w - 7955, -2*n + 4*n = -5*w + 7985. Calculate the greatest common factor of w and 330.
55
Let l = -598 + 579. Let d be -1 - (-27*1 - -2). Let j = l + d. Calculate the greatest common factor of 2 and j.
1
Let r(v) = -v**3 + 10*v**2 + 15*v + 18. Let p = 312 - 302. Let d be r(p). What is the highest common factor of 112 and d?
56
Suppose -14023 = -4*o - 5*h, -17498 = 34*o - 39*o + 4*h. What is the highest common divisor of 374 and o?
34
Let p = -420 - -599. Suppose -177*c = -p*c + 60. Calculate the highest common divisor of 50 and c.
10
Suppose 3*k - 7318 = -2*j, 9*j - 5*j = 2*k + 14604. What is the greatest common divisor of 26 and j?
13
Suppose 4*y = 11*h - y - 5847, -1061 = -2*h + 3*y. What is the greatest common factor of h and 209?
19
Let x = 91 + -58. Let p be (-56)/(14/4 - 3). Let w = x - p. What is the highest common factor of 58 and w?
29
Let c be ((-2072)/168)/((-2)/1698). What is the greatest common factor of c and 37?
37
Let c(f) = -f**3 + 5*f**2 + 2. Let u be c(5). Let y be -34*((-33)/u - -5). Calculate the greatest common factor of y and 23.
23
Let o(w) = 14*w**2 - 42*w + 298. Let l be o(8). Let h be (-11 - -25)*132/14. What is the greatest common divisor of l and h?
66
Suppose s + 2*w + 3*w = 149, -5*s + 676 = 2*w. Let d = s + -76. Let v = 66 - d. What is the highest common factor of v and 12?
4
Let v be (-4)/10*1*(-72 + 2). Let p be (21/v)/((-2)/(-616)). Suppose -498 = -9*d + p. What is the greatest common divisor of d and 54?
27
Suppose -n + 13*z = 8*z - 19, -n - z + 1 = 0. Calculate the greatest common factor of n and 128.
4
Let f be 10/((-3)/7*(-14)/(-21)). Let p be f/(1 + 25/(-20)). Suppose 4*y - 7*y - d + 190 = 0, 2*d + p = 2*y. Calculate the greatest common divisor of 26 and y.
13
Suppose 5 = s, -53 - 32 = -4*l - s. Suppose 5*g + 95 = 3*n, -5*g = -g - l. Calculate the greatest common factor of 360 and n.
40
Let n be ((-9)/1)/((-3)/2). Suppose 3*g = -5*f + 97, -2*f + n = g - 25. Let o = 1096 + -745. Calculate the greatest common divisor of o and g.
39
Let w = 66 - 64. Suppose -4*o = -2*q - 24, w*q - 5 = -3*o + 6. Calculate the greatest common divisor of o and 15.
5
Let u = 76 - 63. Suppose -10*x = -u*x + 12. Let a be 196/(8/4) + x. What is the highest common divisor of 17 and a?
17
Suppose 3*f + 9 = 0, 5*f - 28 = 3*b + 20. Let p(c) = 16*c - 3. Let q be p(4). Let h = q + b. Calculate the highest common factor of h and 10.
10
Suppose 0 = -t + 2*w + 8, 0*t - 5*t + 5*w + 35 = 0. Suppose 0 = t*n - 1 + 31. Let u be 1 - (3/3 + n). What is the highest common factor of u and 15?
5
Let d be -8*(-5 - (-7 + 3)). Suppose -6*i + 140 - d = 0. Calculate the greatest common factor of 1166 and i.
22
Suppose 0*f = -5*f + 390. Let n = -656 - -913. Suppose -n = -5*p + 3*g, 4*g + 48 = p - 0*g. Calculate the highest common factor of f and p.
26
Suppose q - 4*p - 283 = 0, -2*q - 229 = -p - 788. Let t(i) = i**2 + 7*i + 9. Let m be t(-7). Calculate the highest common divisor of q and m.
9
Suppose 3*r - 4*t = 6, -2*r - 1 = -4*t - 5. Suppose 2*s = -1 + 5. What is the greatest common divisor of r and s?
2
Let q = -4091 + 9481. What is the greatest common divisor of 220 and q?
110
Suppose -42 = 2*y - a, -y - 4*y - 2*a = 114. Let p = -13 - y. Let w be (-112)/(-7) + 524/(-131). What is the greatest common factor of w and p?
3
Let h(w) = 16*w**2 + 30*w - 2. Let t be h(-2). What is the greatest common divisor of 1024 and t?
2
Let w(l) = -5*l - 11*l - 7 - 15 + 2. Let d be w(-2). Suppose -4*k - k = -120. Calculate the greatest common divisor of d and k.
12
Let r(z) = -z**3 - 2*z**2 + z - 1. Let a be r(-3). Let q = 81617 + -81615. What is the greatest common factor of a and q?
1
Let t be ((-50)/4)/((-45)/360). Suppose 4*v - 5*v = -30. Calculate the highest common factor of t and v.
10
Let y be 2/5 - 1596/(-60). Let n = 57 + y. Calculate the highest common factor of n and 12.
12
Let h = -3427 + 3883. What is the highest common factor of h and 8?
8
Suppose 17455 - 32039 = -221*q + 49948. What is the greatest common factor of 2263 and q?
73
Let y be 6/(-45) - (-4 - 94/30). Suppose 4*s = x + 47, s = 5*x + 19 + y. Calculate the greatest common factor of s and 319.
11
Let a(o) = 166*o - 439. Let s be a(3). Suppose 6*b - 590 = b. What is the greatest common factor of s and b?
59
Let z be 2/(6/4 - 506/352). What is the highest common divisor of 2 and z?
2
Suppose -2*v + 6 = -224. Suppose 24*c = 19*c + v. Suppose 3*n - c*n = -280. What is the greatest common divisor of n and 126?
14
Suppose -12 = 4*c, 9 = -a - 4*c - 0*c. Let f be (58/(-8))/((a/4)/(-3)). Suppose 0 = 25*d - f*d + 52. Calculate the greatest common factor of d and 26.
13
Let n(h) = 10*h - 8. Let g be (-1 - -3)*(-3 - -2)/(-1). Let k be n(g). Suppose r - 116 = -k. What is the highest common divisor of r and 13?
13
Let z(m) = 18*m - 2. Let w be ((-20)/25)/((-2)/5). Let s be z(w). Let r(y) = -2*y + 17. Let q be r(-17). Calculate the greatest common factor of q and s.
17
Let d(n) = 5*n**2 - 7*n - 15. Suppose 0 = w + 71 + 2. Let o = -68 - w. Let y be d(o). Calculate the highest common factor of 45 and y.
15
Suppose 45*b - 76 = 41*b. Let j(a) = a**2 - 26*a + 51. Let u be j(34). Calculate the greatest common factor of b and u.
19
Suppose -833 = 8*l + 4575. Let d = l - -685. Calculate the greatest common factor of d and 96.
3
Let f be 3/6*27/(-6)*-32. Suppose -4*k + 5*b + 115 + 106 = 0, -5*b - 5 = 0. What is the highest common factor of k and f?
18
Let k(i) = 2*i - 4. Let l be k(4). Let r(f) = 5*f**2 - 6*f + 13. Let a be r(l). What is the highest common divisor of 92 and a?
23
Let p = 6438 - 6420. Calculate the greatest common factor of p and 10674.
18
Let u(v) = 260*v**2 + 36*v - 59. Let x be u(2). Calculate the greatest common divisor of x and 156.
39
Let l(x) = 2*x + 49. Let r be l(4). Let f = r + -43. What is the highest common divisor of 21 and f?
7
Suppose 0*w - w + 23 = -4*g, -3 = 3*g. Suppose 2*t - 2230 = -5*u - 626, -4*u - 3292 = -4*t. Calculate the highest common factor of w and t.
19
Let w(a) = 309*a - 4286. Let y be w(14). Calculate the greatest common factor of 752 and y.
8
Let x be (-1)/2 + (-673)/(-2). Suppose 1426*l - 1425*l + 5*y = 8, -5*l = 5*y - 200. What is the highest common divisor of l and x?
48
Let b(n) = -179*n - 176. Let q be b(-4). What is the greatest common divisor of 396 and q?
36
Let d be (15/(-75) + 2)/(3/425). Calculate the highest common divisor of d and 102.
51
Let w = -23854 + 29734. Calculate the greatest common factor of 120 and w.
120
Suppose 3*m - 12 = 0, -m - 1 = -s + 2. Suppose 147 = -18*g + 25*g. Let p = s + g. What is the greatest common factor of p and 7?
7
Let b be 43 - (-2 + 0/(-2)). Suppose -15*j = -16*j. Suppose -19*p + 327 - 42 = j. Calculate the highest common divisor of b and p.
15
Let p = 10594 - -15283. Calculate the highest common factor of p and 113.
113
Suppose r = 121 - 26. Let z = 2031 - 1860. What is the greatest common divisor of r and z?
19
Suppose -3*a = 2*y - 537, -16*y + 17*y = -a + 179. What is the highest common factor of a and 2?
1
Suppose 26*a = -13*a + 1522 + 116. Calculate the greatest common divisor of a and 112.
14
Suppose 3*z - 1446 - 161 - 580 = 0. Calculate the greatest common divisor of z and 297.
27
Let h(x) = 7*x + 181. Let j be h(-24). Let q = 101 - -16. What is the highest common divisor of q and j?
13
Let a = -298 + 88. Let s = a + 322. Calculate the highest common factor of 8 and s.
8
Let l be (-219)/(-12) + (-1)/4. Suppose -p + h + l = -2*h, 26 = p - 5*h. Let n = -23242 + 23290. Calculate the greatest common factor of n and p.
6
Suppose -5*s + 10*s - 20 = 0. Suppose 0 = s*r + 10*r - 70. Calculate the greatest common factor of 10 and r.
5
Suppose -2*b - 4*n + 151 = 3*b, 0 = 4*n + 4. Let v(j) = 184*j + 16959. Let t be v(-92). Calculate the highest common divisor of b and t.
31
Let x(b) = -3*b + 21 + 2*b + 4*b**2 + 9*b**2 - 7*b. L